 prime number?
True
Is 393742 a prime number?
False
Is 2452993 prime?
False
Is 617035 a composite number?
True
Is 516347 a composite number?
True
Is 58418207 prime?
True
Is 318565813 a composite number?
True
Is 83260949 a prime number?
True
Is 15878677 composite?
False
Is 2421893 a prime number?
True
Is 41499769 prime?
True
Is 47045057 a prime number?
True
Is 18540541 a composite number?
True
Is 2585267 a composite number?
False
Is 113058679 composite?
False
Is 187521349 prime?
True
Is 114350989 a prime number?
True
Is 12444823 composite?
False
Is 366599 a composite number?
False
Is 23293037 prime?
False
Is 6203651 a composite number?
True
Is 57292387 prime?
True
Is 507653 a prime number?
False
Is 24858209 composite?
False
Is 8074399 prime?
False
Is 3457763 prime?
True
Is 2192243 a prime number?
True
Is 43380307 composite?
True
Is 150991238 a composite number?
True
Is 53626 a composite number?
True
Is 2589193 a prime number?
True
Is 88988279 prime?
True
Is 878411 composite?
False
Is 92341793 prime?
False
Is 3266671 a prime number?
True
Is 3138227 a prime number?
False
Is 5375143 composite?
False
Is 328147 a prime number?
False
Is 13248397 a prime number?
True
Is 303059 a composite number?
True
Is 10144703 a composite number?
True
Is 19844315 a prime number?
False
Is 7639859 prime?
True
Is 4323881 a prime number?
False
Is 142586215 composite?
True
Is 9121433 a composite number?
False
Is 17858539 a composite number?
False
Is 7616603 composite?
True
Is 23319203 a prime number?
True
Is 8928767 prime?
True
Is 91904557 a composite number?
True
Is 22669499 a prime number?
False
Is 8226682 composite?
True
Is 66130873 a prime number?
False
Is 81066409 a composite number?
False
Is 2030806 prime?
False
Is 2013091 prime?
False
Is 7637757 prime?
False
Is 30013337 prime?
True
Is 22883483 prime?
False
Is 4082783 prime?
True
Is 7632143 a prime number?
True
Is 1411369 a prime number?
True
Is 14208413 composite?
True
Is 379273 a composite number?
False
Is 23916099 prime?
False
Is 79360067 composite?
False
Is 187948621 a composite number?
True
Is 258579149 a prime number?
True
Is 138857501 composite?
False
Is 92567 composite?
False
Is 72874013 a prime number?
False
Is 5377289 prime?
True
Is 18924967 a composite number?
True
Is 10259837 a composite number?
True
Is 2363003 a composite number?
True
Is 3009683 a composite number?
False
Is 1990753 a composite number?
False
Is 2125001 composite?
False
Is 21389639 a prime number?
True
Is 4785931 a composite number?
False
Is 10466177 prime?
True
Is 553309 composite?
False
Is 22116254 prime?
False
Is 149184137 composite?
True
Is 34326647 a prime number?
False
Is 23188423 composite?
True
Is 18944791 a prime number?
True
Is 8778813 a prime number?
False
Is 1076245 a composite number?
True
Is 2156651 a prime number?
False
Is 3852977 a composite number?
True
Is 1002058 prime?
False
Is 61512979 prime?
False
Is 12358597 prime?
False
Is 1304581 a prime number?
True
Is 4986871 composite?
True
Is 498838 prime?
False
Is 29825431 prime?
True
Is 202543 composite?
True
Is 154879553 composite?
False
Is 232549 composite?
False
Is 5332099 prime?
False
Is 10103717 prime?
False
Is 50753633 composite?
True
Is 125447321 prime?
True
Is 975211 a prime number?
False
Is 103397743 composite?
False
Is 23413837 a composite number?
True
Is 2973959 a prime number?
False
Is 45357073 a composite number?
True
Is 1865506967 composite?
False
Is 2246221 composite?
True
Is 3508347 a prime number?
False
Is 405525829 composite?
False
Is 56513351 prime?
True
Is 52082839 a composite number?
False
Is 73358843 prime?
True
Is 10796017 prime?
True
Is 48272927 a prime number?
True
Is 597671 composite?
False
Is 5248421 a composite number?
False
Is 235513 prime?
True
Is 3605187 a prime number?
False
Is 2363021 prime?
True
Is 6514181 composite?
True
Is 65399681 a composite number?
False
Is 25300849 composite?
True
Is 7336127 a prime number?
True
Is 172398803 a composite number?
False
Is 27046 prime?
False
Is 27784877 prime?
True
Is 123831571 a composite number?
False
Is 74992921 prime?
True
Is 118177187 composite?
False
Is 711155 prime?
False
Is 66311153 a composite number?
True
Is 8506993 a prime number?
False
Is 14849069 prime?
False
Is 6668551 a prime number?
False
Is 35113667 a prime number?
True
Is 8031403 a composite number?
False
Is 5324851 composite?
True
Is 844554697 prime?
False
Is 2541241 a composite number?
True
Is 4956437 prime?
True
Is 43610123 prime?
True
Is 394897 a prime number?
True
Is 54032593 composite?
True
Is 94091443 prime?
True
Is 5908711 a composite number?
False
Is 122960209 a prime number?
False
Is 2384567 composite?
False
Is 264283 a prime number?
True
Is 69686437 a prime number?
False
Is 262709 prime?
True
Is 79791 prime?
False
Is 491259167 a composite number?
True
Is 6786665 a composite number?
True
Is 319001587 prime?
True
Is 1368833831 a composite number?
True
Is 10689323 a prime number?
False
Is 66616843 a prime number?
True
Is 1299499 prime?
True
Is 4299001 composite?
True
Is 10573909 a composite number?
True
Is 15112001 a composite number?
False
Is 10114205 prime?
False
Is 1904041 a composite number?
False
Is 6551473 a prime number?
False
Is 242012389 composite?
False
Is 16588501 composite?
True
Is 118866221 prime?
True
Is 56473477 prime?
True
Is 28244083 a composite number?
True
Is 25252093 a composite number?
True
Is 1083793 a composite number?
False
Is 5609003 composite?
True
Is 29436051 a composite number?
True
Is 11158267 prime?
True
Is 779803 a composite number?
True
Is 13944659 a composite number?
False
Is 83068729 composite?
False
Is 59248909 prime?
True
Is 2239109 a composite number?
True
Is 293581627 composite?
False
Is 9676937 prime?
True
Is 988535567 a prime number?
False
Is 2623861 a prime number?
True
Is 3024187 a composite number?
False
Is 4453903 prime?
True
Is 96079 a prime number?
True
Is 11260493 composite?
False
Is 540697 composite?
False
Is 11597458 composite?
True
Is 6141779 composite?
True
Is 258921491 a prime number?
True
Is 140586531 composite?
True
Is 18386237 prime?
False
Is 82001819 a composite number?
True
Is 618719 composite?
False
Is 59527393 prime?
True
Is 266587 a prime number?
True
Is 19538131 composite?
False
Is 76981973 a prime number?
True
Is 3631057 composite?
True
Is 36607 a prime number?
True
Is 440335361 composite?
False
Is 2131921 a composite number?
True
Is 73026277 composite?
True
Is 9030647 a prime number?
True
Is 299700809 prime?
True
Is 2250055 prime?
False
Is 34623421 prime?
False
Is 1459039 a prime number?
False
Is 840167 a composite number?
True
Is 573733385 prime?
False
Is 223205951 a prime number?
True
Is 2156339 composite?
False
Is 1125715683 composite?
True
Is 2211061 a prime number?
True
Is 30530821 composite?
True
Is 14477719 a prime number?
False
Is 6688294 a prime number?
False
Is 617359 prime?
True
Is 6035569 a composite number?
True
Is 13910219 composite?
True
Is 60196277 a prime number?
False
Is 1328909 a composite number?
False
Is 513781901 composite?
False
Is 410650445 prime?
False
Is 10844719 a prime number?
True
Is 34322657 a prime number?
False
Is 1374827 a composite number?
False
Is 2969569 prime?
True
Is 11689687 a composite number?
False
Is 2478937 composite?
False
Is 4997887 a prime number?
True
Is 75650083 composite?
False
Is 963423431 a composite number?
False
Is 13349249 composite?
False
Is 13045541 a composite number?
False
Is 95737567 prime?
False
Is 21652121 prime?
True
Is 922657313 a prime number?
True
Is 1555831 prime?
True
Is 1415303 a prime number?
True
Is 2382539 prime?
True
Is 271721 prime?
False
Is 907031527 composite?
False
Is 31661711 composite?
False
Is 4392077 prime?
True
Is 5969 a composite number?
True
Is 1734283 composite?
True
Is 14321261 prime?
True
Is 230401133 a composite number?
False
Is 291283973 composite?
False
Is 15035981 a prime number?
True
Is 8800091 composite?
True
Is 2756779 prime?
False
Is 577394849 a composite number?
False
Is 13886051 composite?
False
Is 8804833 composite?
False
Is 23010131 a prime number?
True
Is 15161719 prime?
False
Is 153629533 composite?
False
Is 43465667 composite?
True
Is 8698487 prime?
False
Is 89432407 composite?
False
Is 23711663 a prime number?
False
Is 1203149 composite?
False
Is 380707 prime?
T